common divisor of 153 and w.
17
Let w = 1 + 3. Let h = 5 - -31. What is the highest common divisor of w and h?
4
Let x = -12 + 33. Calculate the highest common divisor of x and 84.
21
Let u = 2 + -15. Let n = u + 29. Calculate the greatest common divisor of n and 112.
16
Suppose 0 = -2*i + 311 - 19. Suppose 138 = 5*n + 3*p, 5*n + 2*p - p - i = 0. What is the greatest common factor of n and 6?
6
Suppose 0 = -2*h + 26*h - 312. Let m be 117 - 0/(0 - -2). What is the highest common factor of m and h?
13
Let w = 5 + 1. Suppose w*x - 2*x - 8 = c, -2*c + 14 = 2*x. What is the highest common factor of x and 21?
3
Let f be -10*(-4 + 48/15). What is the greatest common factor of f and 8?
8
Let o be (15/10)/((-2)/8). Let j be 2/5 + (-26)/(-10). Let m = j - o. Calculate the greatest common factor of 6 and m.
3
Let u be 24/108 - (-608)/18. Calculate the highest common divisor of 374 and u.
34
Let o be 2 + 1*(-3 + 6) + 0. What is the highest common divisor of o and 40?
5
Let n = 34 + -18. Calculate the highest common factor of n and 40.
8
Let a = 84 + -39. Calculate the highest common factor of 30 and a.
15
Let c(p) = p**3 + 4*p**2 - 4*p + 6. Let a be c(-5). Let d = -11 + 12. Let t = 4 - d. Calculate the greatest common divisor of t and a.
1
Let f be -2 - -4 - 60/3. Let q be f*((-21)/9 + 1). Let c = -6 + q. Calculate the greatest common factor of c and 2.
2
Suppose 7*d = 2*d. Suppose d = 4*y - u - 67, 5*y - 89 = u + 2*u. What is the highest common factor of 32 and y?
16
Let h(b) = -45*b. Let u be h(-1). What is the highest common divisor of 60 and u?
15
Let w = 6 - -264. What is the highest common factor of 27 and w?
27
Let a = -23 - -30. What is the highest common factor of a and 7?
7
Let k(z) be the third derivative of -z**6/120 - 11*z**5/60 - 5*z**4/12 + 5*z**3/3 + 5*z**2. Let j be k(-10). What is the highest common factor of 10 and j?
10
Let i(l) = l + 2. Let c be i(-1). Let h be c + 3 + -2 + 2. Calculate the greatest common divisor of h and 28.
4
Let p = 7 - 2. Suppose 0 = p*o + 178 - 673. Calculate the greatest common divisor of 9 and o.
9
Suppose -4*m + 10 = -34. Let p = m - -4. What is the greatest common factor of 30 and p?
15
Let z = 2 - 2. Let j = -2 - z. Let x be (j/6)/((-4)/132). What is the highest common divisor of x and 55?
11
Suppose 0 = s + 4*o + 11 + 5, 3*s - 37 = 5*o. Suppose -s*n + 137 + 31 = 0. What is the greatest common divisor of n and 14?
14
Suppose -2*f - 3*f + 3*a = -129, 9 = f + 5*a. What is the highest common factor of 48 and f?
24
Let x = 114 - 16. Let b be ((-4)/(-5))/((-8)/420). Let q = b + x. What is the greatest common factor of 7 and q?
7
Let p be 4/6*27/2. What is the highest common factor of p and 3?
3
Let u = -27 - -6. Let y be (-1 - 6)*72/u. What is the highest common factor of 3 and y?
3
Let q = 8 + 5. Suppose 277 + 193 = 4*k - s, -5*s = 10. What is the highest common divisor of k and q?
13
Let q = 86 + 4. What is the highest common divisor of 18 and q?
18
Let p(y) = 3*y**2 - y - 4. Let g be p(3). Let i be g/(-8)*(-5 - -3). What is the highest common factor of i and 5?
5
Let k = 65 - 11. Calculate the highest common divisor of 27 and k.
27
Let i(s) be the third derivative of s**6/120 - s**5/20 - s**4/12 + 3*s**2. Let m be i(5). What is the highest common factor of m and 16?
8
Let w be (-18)/(-12) + ((-331)/(-2) - 2). Calculate the greatest common factor of 15 and w.
15
Suppose -3*f = -f - 124. Let v = f + -42. Calculate the greatest common divisor of 30 and v.
10
Let b be 1/((1/(-9))/(-1)). Let s(v) = v**3 - 7*v**2 + 8*v + 4. Let u be s(6). Let t be (-12)/u + (-255)/(-4). What is the highest common factor of t and b?
9
Let n(g) = 5*g + 23. Let w(s) = -2*s - 11. Let z(t) = -3*n(t) - 7*w(t). Let x be z(0). Let v be 126/7*x/6. What is the highest common factor of 216 and v?
24
Let h(c) = c**3 - 5*c**2 + 4*c + 1. Suppose -1 = -a + b + 4, -2*a + 4*b + 10 = 0. Let q be h(a). Let v = q - 14. What is the highest common divisor of 63 and v?
7
Suppose 2*n = -3*y - 2*n - 70, 4*y = -2*n - 80. Let o = 32 + y. Let t(g) = 15*g - 8. Let r be t(8). Calculate the greatest common factor of o and r.
14
Let z(o) be the second derivative of o**5/20 + o**4/2 - 2*o**3/3 - 4*o**2 - 2*o. Let q be z(-6). Calculate the greatest common factor of q and 40.
8
Let f = 58 + -23. Suppose h - f = -0*q + 4*q, q = -2*h + 25. What is the greatest common factor of h and 120?
15
Let w(q) = 2*q**2 + 2*q - 3. Let u be w(5). What is the greatest common divisor of u and 38?
19
Suppose -9*l + 280 = -4*l. Suppose -5*c - 32 = -c. Let i = 0 - c. Calculate the greatest common divisor of i and l.
8
Let y(j) = -j**2 + 10*j + 2. Let i be y(10). Let a = 4 + i. Calculate the greatest common divisor of 12 and a.
6
Suppose 0 = -10*t + 15 + 35. Calculate the greatest common divisor of 25 and t.
5
Suppose 0 = -72*d + 67*d + 640. What is the highest common divisor of d and 32?
32
Let j be (-3)/(9/(-42)) + -2. Suppose s - 9 = -2*s, 4*s = -4*c + j. Let o = c + 10. Calculate the highest common divisor of o and 4.
2
Suppose -5*m + h = 3*h - 75, 2*m = 3*h + 30. What is the highest common divisor of m and 10?
5
Suppose 10*l - 12*l + 62 = 0. Let u = -21 + l. Calculate the highest common factor of u and 25.
5
Let v be (1 + -2)/((-3)/(-21)). Let o be (-9)/(0 - -3)*v. Calculate the highest common divisor of o and 21.
21
Let y(b) = -b**3 - 4*b**2 + 9*b + 4. Let d be y(-7). What is the highest common divisor of d and 11?
11
Let b(v) = -v**3 - 3*v**2 + 3. Let r be b(-3). Suppose 1 = -r*f + 10. Let w be (-15)/(-12) - (-2)/(-8). Calculate the greatest common divisor of f and w.
1
Let o = 50 - 20. Let a = 188 - 113. What is the highest common divisor of o and a?
15
Let l = 326 - 201. Calculate the greatest common divisor of l and 25.
25
Let p(d) = -d**3 + 6*d**2 + 5*d - 4. Let o be p(3). Let v = o - 24. Suppose -1 = -l - 3*a, 3*l = 5*l + 5*a - 4. What is the greatest common divisor of l and v?
7
Suppose 9*f - 4*f + 35 = 3*n, 0 = -2*n - 2*f + 2. Let k = -29 + 49. Calculate the highest common factor of k and n.
5
Suppose 0 = -c + 13 + 11. What is the highest common divisor of c and 24?
24
Suppose -23 - 25 = -4*p. Let g(f) = -2*f**3 - 5*f**2. Let r be g(-4). Calculate the highest common divisor of p and r.
12
Let w be 12/8 - (-206)/4. Suppose w - 3 = 5*j. What is the highest common factor of 70 and j?
10
Suppose 6*j - j = -4*h + 3, 0 = -h - 2*j. Let b be 0/2*(1 - 2). Suppose k + 4*y = 6, 4*y + 6 + 2 = b. Calculate the highest common factor of k and h.
2
Suppose 5*i + 4 = 2*w, -2*w - 5*i + 0 = -4. Calculate the greatest common factor of w and 14.
2
Suppose 22 = 5*w - 3. Suppose -78 = -w*y + 82. Let v = 4 + y. Calculate the highest common divisor of 9 and v.
9
Let b = 16 + -12. What is the greatest common divisor of 32 and b?
4
Let y = 29 + -14. What is the greatest common divisor of y and 105?
15
Let r(m) = -m + 5. Let o be r(4). Let l = 3 + 1. Suppose 0 = -w - l*w + 20. What is the highest common divisor of w and o?
1
Suppose -v = -3*v + 8. Suppose 0*z - 2*z + v*g = -100, -z - g = -47. Calculate the highest common divisor of 24 and z.
24
Let b be 9/((-3)/18*3). Let a be 3*(0 - 1)*3. Let u = a - b. What is the highest common divisor of 36 and u?
9
Let k(m) = 6*m - 2. Suppose -5*j + 5 + 5 = 0. Let n be k(j). Suppose p - 200 = -3*p. What is the highest common divisor of p and n?
10
Suppose -3 = -s + 5*a + 1, 2*s - 4*a = 32. Suppose -5*t + 5 = -10. What is the highest common divisor of t and s?
3
Suppose -180 = -13*s + 7*s. Calculate the greatest common factor of s and 12.
6
Let n = 81 - 41. What is the highest common factor of n and 8?
8
Let d(w) = -w**3 + 9*w**2 - 3*w - 5. Let c be d(8). What is the greatest common factor of c and 7?
7
Suppose b = 6*b - 125. Suppose x - b = -5*u, 2*u = 3*x - 0*u - 41. Calculate the greatest common divisor of 5 and x.
5
Suppose -5*s - 85 = 3*z + 2*z, 0 = z + 3. Let b = s - -21. Let j(f) = f**3 - 5*f**2 - 3*f - 4. Let h be j(6). What is the greatest common divisor of b and h?
7
Suppose -f = -102 + 45. Calculate the greatest common divisor of f and 19.
19
Let a(y) = -23*y + 6. Let s be a(-5). Let d(b) = -12*b**3 - 1. Let z be ((-2)/(-4))/(1/(-2)). Let x be d(z). What is the highest common divisor of x and s?
11
Suppose -3*w = 2*u - 134, w - 2*u = 5*w - 176. Ca